{"id":110,"date":"2014-12-08T18:34:47","date_gmt":"2014-12-08T16:34:47","guid":{"rendered":"http:\/\/www.verenahehl.de\/?page_id=110"},"modified":"2015-06-25T11:41:07","modified_gmt":"2015-06-25T09:41:07","slug":"inspektion-kunstverein","status":"publish","type":"page","link":"http:\/\/www.verenahehl.de\/?page_id=110","title":{"rendered":"Inspektion: Kunstverein"},"content":{"rendered":"<h5>Inspektion: Kunstverein<\/h5>\n<p>company urbanReflects,<\/p>\n<p>t\u00e4nzerisch-musikalische Einsichten aus 5 Perspektiven, ein interaktiver Improvisationsabend f\u00fcr 3 T\u00e4nzer und 2 Musiker<\/p>\n<p>Performer: Verena Hehl, Oleg Kaufmann, Doro Eitel, Jan F. Kurth, Konrad Wiemann,<\/p>\n<p>Juli 2011, Kunstverein Freiburg<\/p>\n<p><iframe loading=\"lazy\" src=\"\/\/www.youtube.com\/embed\/2TmdQqWBgyY\" width=\"425\" height=\"350\"><\/iframe><\/p>\n","protected":false},"excerpt":{"rendered":"<p>Inspektion: Kunstverein company urbanReflects, t\u00e4nzerisch-musikalische Einsichten aus 5 Perspektiven, ein interaktiver Improvisationsabend f\u00fcr 3 T\u00e4nzer und 2 Musiker Performer: Verena Hehl, Oleg Kaufmann, Doro Eitel, Jan F. Kurth, Konrad Wiemann, Juli 2011, Kunstverein Freiburg<\/p>\n","protected":false},"author":2,"featured_media":0,"parent":89,"menu_order":0,"comment_status":"closed","ping_status":"open","template":"","meta":{"footnotes":""},"_links":{"self":[{"href":"http:\/\/www.verenahehl.de\/index.php?rest_route=\/wp\/v2\/pages\/110"}],"collection":[{"href":"http:\/\/www.verenahehl.de\/index.php?rest_route=\/wp\/v2\/pages"}],"about":[{"href":"http:\/\/www.verenahehl.de\/index.php?rest_route=\/wp\/v2\/types\/page"}],"author":[{"embeddable":true,"href":"http:\/\/www.verenahehl.de\/index.php?rest_route=\/wp\/v2\/users\/2"}],"replies":[{"embeddable":true,"href":"http:\/\/www.verenahehl.de\/index.php?rest_route=%2Fwp%2Fv2%2Fcomments&post=110"}],"version-history":[{"count":3,"href":"http:\/\/www.verenahehl.de\/index.php?rest_route=\/wp\/v2\/pages\/110\/revisions"}],"predecessor-version":[{"id":227,"href":"http:\/\/www.verenahehl.de\/index.php?rest_route=\/wp\/v2\/pages\/110\/revisions\/227"}],"up":[{"embeddable":true,"href":"http:\/\/www.verenahehl.de\/index.php?rest_route=\/wp\/v2\/pages\/89"}],"wp:attachment":[{"href":"http:\/\/www.verenahehl.de\/index.php?rest_route=%2Fwp%2Fv2%2Fmedia&parent=110"}],"curies":[{"name":"wp","href":"https:\/\/api.w.org\/{rel}","templated":true}]}}

<h5>Inspektion: Kunstverein</h5>
<p>company urbanReflects,</p>
<p>tänzerisch-musikalische Einsichten aus 5 Perspektiven, ein interaktiver Improvisationsabend für 3 Tänzer und 2 Musiker</p>
<p>Performer: Verena Hehl, Oleg Kaufmann, Doro Eitel, Jan F. Kurth, Konrad Wiemann,</p>
<p>Juli 2011, Kunstverein Freiburg</p>
<p><iframe loading="lazy" src="//www.youtube.com/embed/2TmdQqWBgyY" width="425" height="350"></iframe></p>

<p>Inspektion: Kunstverein company urbanReflects, tänzerisch-musikalische Einsichten aus 5 Perspektiven, ein interaktiver Improvisationsabend für 3 Tänzer und 2 Musiker Performer: Verena Hehl, Oleg Kaufmann, Doro Eitel, Jan F. Kurth, Konrad Wiemann, Juli 2011, Kunstverein Freiburg</p>
