{"id":118,"date":"2014-12-08T18:44:20","date_gmt":"2014-12-08T16:44:20","guid":{"rendered":"http:\/\/www.verenahehl.de\/?page_id=118"},"modified":"2015-06-25T11:41:07","modified_gmt":"2015-06-25T09:41:07","slug":"gott-oder-kein-gott","status":"publish","type":"page","link":"http:\/\/www.verenahehl.de\/?page_id=118","title":{"rendered":"Gott oder kein Gott"},"content":{"rendered":"<h5>ECHTZEIT<\/h5>\n<p>tanzp\u00e4dagogisches Performanceprojekt mit Theologiestudierenden, aufgef\u00fchrt im ehemaligen Benediktinerkloster in St. Peter,<\/p>\n<p>k\u00fcnstlerische Leitung: Verena Hehl, Maike Hagenguth<\/p>\n<p>Mai\/Juni 2011<\/p>\n<p>weitere Infos:\u00a0<a href=\"http:\/\/www.echtzeit-projekte.de\">www.echtzeit-projekte.de<\/a><\/p>\n<div class=\"tinyText style_SkipStroke_3 stroke_0\"><img decoding=\"async\" src=\"http:\/\/www.echtzeit-projekte.de\/EchtzeitProjekte\/Projekte\/Eintrage\/2011\/5\/9_Gott_oder_kein_Gott_files\/P5081513_1024x768.jpg\" alt=\"\" \/><\/div>\n<div class=\"tinyText style_SkipStroke_3 stroke_0\"><img decoding=\"async\" src=\"http:\/\/www.echtzeit-projekte.de\/EchtzeitProjekte\/Projekte\/Eintrage\/2011\/5\/9_Gott_oder_kein_Gott_files\/FrstenK1416_1024x768.jpg\" alt=\"\" \/><\/div>\n","protected":false},"excerpt":{"rendered":"<p>ECHTZEIT tanzp\u00e4dagogisches Performanceprojekt mit Theologiestudierenden, aufgef\u00fchrt im ehemaligen Benediktinerkloster in St. Peter, k\u00fcnstlerische Leitung: Verena Hehl, Maike Hagenguth Mai\/Juni 2011 weitere Infos:\u00a0www.echtzeit-projekte.de<\/p>\n","protected":false},"author":2,"featured_media":0,"parent":33,"menu_order":0,"comment_status":"closed","ping_status":"open","template":"","meta":{"footnotes":""},"_links":{"self":[{"href":"http:\/\/www.verenahehl.de\/index.php?rest_route=\/wp\/v2\/pages\/118"}],"collection":[{"href":"http:\/\/www.verenahehl.de\/index.php?rest_route=\/wp\/v2\/pages"}],"about":[{"href":"http:\/\/www.verenahehl.de\/index.php?rest_route=\/wp\/v2\/types\/page"}],"author":[{"embeddable":true,"href":"http:\/\/www.verenahehl.de\/index.php?rest_route=\/wp\/v2\/users\/2"}],"replies":[{"embeddable":true,"href":"http:\/\/www.verenahehl.de\/index.php?rest_route=%2Fwp%2Fv2%2Fcomments&post=118"}],"version-history":[{"count":5,"href":"http:\/\/www.verenahehl.de\/index.php?rest_route=\/wp\/v2\/pages\/118\/revisions"}],"predecessor-version":[{"id":426,"href":"http:\/\/www.verenahehl.de\/index.php?rest_route=\/wp\/v2\/pages\/118\/revisions\/426"}],"up":[{"embeddable":true,"href":"http:\/\/www.verenahehl.de\/index.php?rest_route=\/wp\/v2\/pages\/33"}],"wp:attachment":[{"href":"http:\/\/www.verenahehl.de\/index.php?rest_route=%2Fwp%2Fv2%2Fmedia&parent=118"}],"curies":[{"name":"wp","href":"https:\/\/api.w.org\/{rel}","templated":true}]}}