{"id":22,"date":"2014-11-20T14:11:44","date_gmt":"2014-11-20T12:11:44","guid":{"rendered":"http:\/\/www.tul8.de\/verena-hehl\/?page_id=22"},"modified":"2023-01-16T02:15:30","modified_gmt":"2023-01-16T00:15:30","slug":"cv","status":"publish","type":"page","link":"http:\/\/www.verenahehl.de\/?page_id=22","title":{"rendered":"Vita"},"content":{"rendered":"<address>\u00a0<img loading=\"lazy\" decoding=\"async\" class=\"\" title=\"\" src=\"http:\/\/www.verenahehl.de\/blog\/wp-content\/uploads\/2014\/12\/IMG_7311.jpg\" alt=\"\" width=\"367\" height=\"493\" \/><\/address>\n<p>&nbsp;<\/p>\n<p>geboren 1978 in Erlangen (D), seit 2007 als freischaffende T\u00e4nzerin und Choreografin t\u00e4tig. 2015 habe ich meinen Lebensmittelpunkt von Freiburg i. Brsg. nach Berlin verlegt.<\/p>\n<p>Nach meiner Ausbildung zur B\u00fchnent\u00e4nzerin bei bewegungsart\/TIP Freiburg (Schule f\u00fcr Tanz, Improvisation und Performance) tanzte ich u.a. bei der <em>company blu<\/em> und der artistisch-t\u00e4nzerischen <em>Compagnie Aquanaut<\/em>. Seit 2009 war ich als Ensemblemitglied in verschiedenen St\u00fccken der <em>company urbanReflects<\/em> zu sehen, so z.B. <em>unrestricted exploitation<\/em> welches 2010 f\u00fcr den Stuttgarter Theaterpreis nominiert wurde. Als Performerin arbeitete ich zudem in verschiedenen Konstellationen mit T\u00e4nzerInnen und MusikerInnen der Freiburger Tanz-\/Musik-Szene zusammen, so. z.B. Dagny Borsdorf, Konrad Wiemann, Jan F. Kurth, aber auch mit internationalen Choreografen, wie Felix Ruckert (<em>I am your mother<\/em>, 2013, <em>sensual magic<\/em>, 2016) oder Tino Sehgal (zuletzt: <em>These Associations, <\/em>2016\/2017).<\/p>\n<p>Als Choreografin war ich zwischen 2010 und 2020 mit dem K\u00fcnstlerzusammenschluss <em>ECHTZEIT<\/em> aktiv, mit dem ich mehrere themenbezogene, sparten\u00fcbergreifende Performances sowohl mit Laien als auch mit Profis kreiert habe, so z.B. <em>Stirb und Werde<\/em>, ein St\u00fcck \u00fcber Tod und Verg\u00e4nglichkeit.<br \/>\nWeitere eigene Arbeiten als Choreografin und Performerin waren das Duo <em>win win lose lose<\/em> mit Jenny D\u00f6ll, (2012) sowie das Solo <em>ZOOM<\/em> (2014), das sich mit Wahrnehmung und der M\u00f6glichkeit, subjektive Wahrnehmung zu teilen, besch\u00e4ftigte.<\/p>\n<p>Zuletzt kollaborierte ich mit Danilo Andr\u00e9s (Chile), der seit 2013 als T\u00e4nzer, bildender K\u00fcnstler und Choreograph in Berlin t\u00e4tig ist. Gemeinsam forschten wir an futuristischen Entw\u00fcrfen eines K\u00f6rpers, dessen Identit\u00e4t &#8222;beyond gender&#8220; liegt. Dabei suchten wir nach einer Vision des menschlichen K\u00f6rpers und seiner Sexualit\u00e4t, f\u00fcr den bekannte Geschlechterrollen nicht mehr relevant sind, gleichwohl aber Verwandtschaften zu anderen Lebewesen und zu Dingen.<\/p>\n<p>Als roter Faden durch meine gesamte t\u00e4nzerische Arbeit zieht sich die Suche nach Momenten, in denen sich bekannte Grenzen aufl\u00f6sen, in denen Interaktion stattfindet zwischen Mensch und Mensch, Mensch und Material, Mensch und Natur, K\u00fcnstler und Publikum.<br \/>\nDas Schaffen eines gemeinsamen intimen Raums zwischen T\u00e4nzer und Zuschauer ist etwas, wonach ich auf unterschiedliche Art und Weise in meinen Tanzst\u00fccken suche.<\/p>\n","protected":false},"excerpt":{"rendered":"<p>\u00a0 &nbsp; geboren 1978 in Erlangen (D), seit 2007 als freischaffende T\u00e4nzerin und Choreografin t\u00e4tig. 2015 habe ich meinen Lebensmittelpunkt von Freiburg i. Brsg. nach Berlin verlegt. Nach meiner Ausbildung zur B\u00fchnent\u00e4nzerin bei bewegungsart\/TIP Freiburg (Schule f\u00fcr Tanz, Improvisation und Performance) tanzte ich u.a. bei der company blu und der artistisch-t\u00e4nzerischen Compagnie Aquanaut. Seit 2009 &hellip;<\/p>\n","protected":false},"author":2,"featured_media":0,"parent":0,"menu_order":0,"comment_status":"closed","ping_status":"closed","template":"","meta":{"footnotes":""},"_links":{"self":[{"href":"http:\/\/www.verenahehl.de\/index.php?rest_route=\/wp\/v2\/pages\/22"}],"collection":[{"href":"http:\/\/www.verenahehl.de\/index.php?rest_route=\/wp\/v2\/pages"}],"about":[{"href":"http:\/\/www.verenahehl.de\/index.php?rest_route=\/wp\/v2\/types\/page"}],"author":[{"embeddable":true,"href":"http:\/\/www.verenahehl.de\/index.php?rest_route=\/wp\/v2\/users\/2"}],"replies":[{"embeddable":true,"href":"http:\/\/www.verenahehl.de\/index.php?rest_route=%2Fwp%2Fv2%2Fcomments&post=22"}],"version-history":[{"count":39,"href":"http:\/\/www.verenahehl.de\/index.php?rest_route=\/wp\/v2\/pages\/22\/revisions"}],"predecessor-version":[{"id":647,"href":"http:\/\/www.verenahehl.de\/index.php?rest_route=\/wp\/v2\/pages\/22\/revisions\/647"}],"wp:attachment":[{"href":"http:\/\/www.verenahehl.de\/index.php?rest_route=%2Fwp%2Fv2%2Fmedia&parent=22"}],"curies":[{"name":"wp","href":"https:\/\/api.w.org\/{rel}","templated":true}]}}

<address> <img loading="lazy" decoding="async" class="" title="" src="http://www.verenahehl.de/blog/wp-content/uploads/2014/12/IMG_7311.jpg" alt="" width="367" height="493" /></address>
<p>&nbsp;</p>
<p>geboren 1978 in Erlangen (D), seit 2007 als freischaffende Tänzerin und Choreografin tätig. 2015 habe ich meinen Lebensmittelpunkt von Freiburg i. Brsg. nach Berlin verlegt.</p>
<p>Nach meiner Ausbildung zur Bühnentänzerin bei bewegungsart/TIP Freiburg (Schule für Tanz, Improvisation und Performance) tanzte ich u.a. bei der <em>company blu</em> und der artistisch-tänzerischen <em>Compagnie Aquanaut</em>. Seit 2009 war ich als Ensemblemitglied in verschiedenen Stücken der <em>company urbanReflects</em> zu sehen, so z.B. <em>unrestricted exploitation</em> welches 2010 für den Stuttgarter Theaterpreis nominiert wurde. Als Performerin arbeitete ich zudem in verschiedenen Konstellationen mit TänzerInnen und MusikerInnen der Freiburger Tanz-/Musik-Szene zusammen, so. z.B. Dagny Borsdorf, Konrad Wiemann, Jan F. Kurth, aber auch mit internationalen Choreografen, wie Felix Ruckert (<em>I am your mother</em>, 2013, <em>sensual magic</em>, 2016) oder Tino Sehgal (zuletzt: <em>These Associations, </em>2016/2017).</p>
<p>Als Choreografin war ich zwischen 2010 und 2020 mit dem Künstlerzusammenschluss <em>ECHTZEIT</em> aktiv, mit dem ich mehrere themenbezogene, spartenübergreifende Performances sowohl mit Laien als auch mit Profis kreiert habe, so z.B. <em>Stirb und Werde</em>, ein Stück über Tod und Vergänglichkeit.<br />
Weitere eigene Arbeiten als Choreografin und Performerin waren das Duo <em>win win lose lose</em> mit Jenny Döll, (2012) sowie das Solo <em>ZOOM</em> (2014), das sich mit Wahrnehmung und der Möglichkeit, subjektive Wahrnehmung zu teilen, beschäftigte.</p>
<p>Zuletzt kollaborierte ich mit Danilo Andrés (Chile), der seit 2013 als Tänzer, bildender Künstler und Choreograph in Berlin tätig ist. Gemeinsam forschten wir an futuristischen Entwürfen eines Körpers, dessen Identität &#8222;beyond gender&#8220; liegt. Dabei suchten wir nach einer Vision des menschlichen Körpers und seiner Sexualität, für den bekannte Geschlechterrollen nicht mehr relevant sind, gleichwohl aber Verwandtschaften zu anderen Lebewesen und zu Dingen.</p>
<p>Als roter Faden durch meine gesamte tänzerische Arbeit zieht sich die Suche nach Momenten, in denen sich bekannte Grenzen auflösen, in denen Interaktion stattfindet zwischen Mensch und Mensch, Mensch und Material, Mensch und Natur, Künstler und Publikum.<br />
Das Schaffen eines gemeinsamen intimen Raums zwischen Tänzer und Zuschauer ist etwas, wonach ich auf unterschiedliche Art und Weise in meinen Tanzstücken suche.</p>

<p>  &nbsp; geboren 1978 in Erlangen (D), seit 2007 als freischaffende Tänzerin und Choreografin tätig. 2015 habe ich meinen Lebensmittelpunkt von Freiburg i. Brsg. nach Berlin verlegt. Nach meiner Ausbildung zur Bühnentänzerin bei bewegungsart/TIP Freiburg (Schule für Tanz, Improvisation und Performance) tanzte ich u.a. bei der company blu und der artistisch-tänzerischen Compagnie Aquanaut. Seit 2009 &hellip;</p>
