{"id":41,"date":"2014-11-20T14:48:25","date_gmt":"2014-11-20T12:48:25","guid":{"rendered":"http:\/\/www.tul8.de\/verena-hehl\/?page_id=41"},"modified":"2023-01-16T01:54:16","modified_gmt":"2023-01-15T23:54:16","slug":"zoom","status":"publish","type":"page","link":"http:\/\/www.verenahehl.de\/?page_id=41","title":{"rendered":"ZOOM"},"content":{"rendered":"<h3>Tanzsolo von und mit Verena Hehl<\/h3>\n<h4>Premiere: Januar 2014, E-Werk Kammertheater Freiburg<\/h4>\n<h5>Dramaturgische Beratung: Jana Unm\u00fc\u00dfig<\/h5>\n<p>In ihrem Tanzsolo\u00a0<b>Zoom<\/b>\u00a0besch\u00e4ftigt Verena Hehl sich mit den Sinnen: Der \/ die Zuschauende ist eingeladen, die eigene Wahrnehmung heranzuzoomen\u00a0 und in Gro\u00dfaufnahme auf Ohren, Augen und m\u00f6glicherweise auch auf Nase zu fokussieren. Tanz ist in <b>ZOOM<\/b> nicht nur ein visuelles Anliegen, das aus der Distanz beobachtet wird. <b>ZOOM<\/b> veranschlagt vielmehr eine N\u00e4he zwischen Zuschauendem und der Performerin, die an ausgew\u00e4hlten Stellen die Zuschauenden einl\u00e4dt, aktiv zu handeln. So sind die Zuschauer in <b>ZOOM<\/b>\u00a0ebenso Teil der Performance wie die K\u00fcnstlerin selbst. Es stellt den Versuch dar, keine Hierarchie zwischen der T\u00e4tigkeit des Zuschauens und der des Tanzens zu schaffen. Das Publikum ist eingeladen, in ein gemeinsames Wahrnehmungsfeld mit der T\u00e4nzerin einzutauchen,<\/p>\n<p>Nachdem sie in einigen Ensemblest\u00fccken der company urbanReflects getanzt hat und mit ECHTZEIT vorwiegend als k\u00fcnstlerische Leiterin und Choreografin t\u00e4tig ist, wagt sie mit ZOOM ihr erstes Solo. In ihrer performerischen Haltung ist sie besonders interessiert an Authentizit\u00e4t und Durchl\u00e4ssigkeit. In ihrem St\u00fcck ZOOM sucht sie nach Schlichtheit und Nat\u00fcrlichkeit in der Kommunikation mit dem Betrachter.<\/p>\n<p><a href=\"http:\/\/www.verenahehl.de\/blog\/wp-content\/uploads\/2014\/12\/Turley_thursday.jpg\"><img loading=\"lazy\" decoding=\"async\" class=\"alignnone size-medium wp-image-298\" src=\"http:\/\/www.verenahehl.de\/blog\/wp-content\/uploads\/2014\/12\/Turley_thursday-300x200.jpg\" alt=\"Turley_thursday\" width=\"300\" height=\"200\" srcset=\"http:\/\/www.verenahehl.de\/blog\/wp-content\/uploads\/2014\/12\/Turley_thursday-300x200.jpg 300w, http:\/\/www.verenahehl.de\/blog\/wp-content\/uploads\/2014\/12\/Turley_thursday-1024x683.jpg 1024w, http:\/\/www.verenahehl.de\/blog\/wp-content\/uploads\/2014\/12\/Turley_thursday.jpg 2048w\" sizes=\"(max-width: 300px) 100vw, 300px\" \/><\/a><\/p>\n<p><a href=\"http:\/\/www.verenahehl.de\/blog\/wp-content\/uploads\/2014\/12\/turley_thursday_2.jpg\"><img loading=\"lazy\" decoding=\"async\" class=\"alignnone size-medium wp-image-299\" src=\"http:\/\/www.verenahehl.de\/blog\/wp-content\/uploads\/2014\/12\/turley_thursday_2-300x200.jpg\" alt=\"turley_thursday_2\" width=\"300\" height=\"200\" srcset=\"http:\/\/www.verenahehl.de\/blog\/wp-content\/uploads\/2014\/12\/turley_thursday_2-300x200.jpg 300w, http:\/\/www.verenahehl.de\/blog\/wp-content\/uploads\/2014\/12\/turley_thursday_2-1024x683.jpg 1024w, http:\/\/www.verenahehl.de\/blog\/wp-content\/uploads\/2014\/12\/turley_thursday_2.jpg 2048w\" sizes=\"(max-width: 300px) 100vw, 300px\" \/><\/a><\/p>\n<p><iframe loading=\"lazy\" src=\"\/\/player.vimeo.com\/video\/89031030?title=0&amp;amp;byline=0\" width=\"425\" height=\"350\"><\/iframe><\/p>\n<h3>Zuschauerstimmen:<\/h3>\n<p>&#8222;In der Reduziertheit gab es so viel wahrzunehmen, das hat mich erstaunt.&#8220;<\/p>\n<p>&#8222;&#8230;Mut und Anmut&#8230;&#8220;<\/p>\n<p>&#8222;Ein toller Kontrast entsteht zwischen kindlich-naiver Verspieltheit und etwas Sperrigem.&#8220;<\/p>\n<p>&#8222;Der Aspekt von anwesend sein und verschwinden war sehr interessant.&#8220;<\/p>\n<p>&#8222;Du hast Dich so transparent und\u00a0durchl\u00e4ssig gemacht, gerade auch in der Nacktheit, dass\u00a0es kaum mehr einen Unterschied zu geben schien zwischen nackt und angezogen.&#8220;<\/p>\n<p>&#8222;Die Nacktheit hatte nichts Exhibitionistisches, sondern kam ganz organisch aus dieser konsequenten Haltung von Wahrnehmung.&#8220;<\/p>\n<p>&#8222;Du hast einen enormen Nachhall ausgel\u00f6st. \u00dcber Tage -immer wieder sp\u00fcr\u00a0ich pl\u00f6tzlich meine Schultern, meine Arme, nehme kleine Bewegungen anders wahr als sonst.&#8220;<\/p>\n<p>&#8222;Es hatte etwas Sperriges, Ungew\u00f6hnliches, nicht das, was man schon 100, 1000mal gesehen hat.&#8220;<\/p>\n<p>&#8222;So etwas ganz Neues &#8211; und ich glaube, es\u00a0hat mich j\u00fcnger gemacht, weil ich so etwas noch nie gesehen habe und es dadurch wie ein Kind als etwas ganz Neues erkennen konnte.&#8220;<\/p>\n<p>&#8222;Ich hab pl\u00f6tzlich gemerkt, dass es ja auch um mich geht, dass ich hier sitze und wahrnehme.&#8220;<\/p>\n<p>&#8222;Ein ganz besonderes St\u00fcck!&#8220;<\/p>\n<p>&nbsp;<\/p>\n<p>&nbsp;<\/p>\n<p>&nbsp;<\/p>\n","protected":false},"excerpt":{"rendered":"<p>Tanzsolo von und mit Verena Hehl Premiere: Januar 2014, E-Werk Kammertheater Freiburg Dramaturgische Beratung: Jana Unm\u00fc\u00dfig In ihrem Tanzsolo\u00a0Zoom\u00a0besch\u00e4ftigt Verena Hehl sich mit den Sinnen: Der \/ die Zuschauende ist eingeladen, die eigene Wahrnehmung heranzuzoomen\u00a0 und in Gro\u00dfaufnahme auf Ohren, Augen und m\u00f6glicherweise auch auf Nase zu fokussieren. Tanz ist in ZOOM nicht nur ein &hellip;<\/p>\n","protected":false},"author":2,"featured_media":0,"parent":33,"menu_order":0,"comment_status":"closed","ping_status":"open","template":"","meta":{"footnotes":""},"_links":{"self":[{"href":"http:\/\/www.verenahehl.de\/index.php?rest_route=\/wp\/v2\/pages\/41"}],"collection":[{"href":"http:\/\/www.verenahehl.de\/index.php?rest_route=\/wp\/v2\/pages"}],"about":[{"href":"http:\/\/www.verenahehl.de\/index.php?rest_route=\/wp\/v2\/types\/page"}],"author":[{"embeddable":true,"href":"http:\/\/www.verenahehl.de\/index.php?rest_route=\/wp\/v2\/users\/2"}],"replies":[{"embeddable":true,"href":"http:\/\/www.verenahehl.de\/index.php?rest_route=%2Fwp%2Fv2%2Fcomments&post=41"}],"version-history":[{"count":19,"href":"http:\/\/www.verenahehl.de\/index.php?rest_route=\/wp\/v2\/pages\/41\/revisions"}],"predecessor-version":[{"id":546,"href":"http:\/\/www.verenahehl.de\/index.php?rest_route=\/wp\/v2\/pages\/41\/revisions\/546"}],"up":[{"embeddable":true,"href":"http:\/\/www.verenahehl.de\/index.php?rest_route=\/wp\/v2\/pages\/33"}],"wp:attachment":[{"href":"http:\/\/www.verenahehl.de\/index.php?rest_route=%2Fwp%2Fv2%2Fmedia&parent=41"}],"curies":[{"name":"wp","href":"https:\/\/api.w.org\/{rel}","templated":true}]}}