{"id":454,"date":"2016-06-15T23:27:25","date_gmt":"2016-06-15T21:27:25","guid":{"rendered":"http:\/\/www.verenahehl.de\/?page_id=454"},"modified":"2016-06-27T12:50:38","modified_gmt":"2016-06-27T10:50:38","slug":"subcutan","status":"publish","type":"page","link":"http:\/\/www.verenahehl.de\/?page_id=454","title":{"rendered":"Subcutan"},"content":{"rendered":"<h4>Subcutan &#8211; morphing bodies<\/h4>\n<h5><strong><span class=\"\">Performance\/Konzept: Verena Hehl und Danilo Andr\u00e9s \u00a0 \u00a0 \u00a0 \u00a0 \u00a0 \u00a0 \u00a0 \u00a0 \u00a0 \u00a0 \u00a0 \u00a0 \u00a0 \u00a0 \u00a0 \u00a0 \u00a0 \u00a0 \u00a0 \u00a0 \u00a0 \u00a0 \u00a0 \u00a0 \u00a0 \u00a0 \u00a0 \u00a0 \u00a0 \u00a0 \u00a0\u00a0<\/span><\/strong><span style=\"font-family: helvetica, arial, sans-serif;\"><b>Premiere: April 2016 ,\u00a0<\/b><span class=\"\"><b>Acker Stadt Palast,\u00a0Berlin<\/b><\/span><\/span><\/h5>\n<div>\n<div dir=\"ltr\">\n<div>\n<p><img loading=\"lazy\" decoding=\"async\" id=\"__wp-temp-img-id\" class=\" alignnone\" title=\"\" src=\"http:\/\/www.verenahehl.de\/blog\/wp-content\/uploads\/2016\/06\/r\u00fccken2.png\" alt=\"\" width=\"480\" height=\"411\" \/><\/p>\n<p><span style=\"font-family: helvetica, arial, sans-serif;\">Wie sicher k\u00f6nnen wir unserer K\u00f6rper sein? Ist die Fantasie nicht genauso real wie die Realit\u00e4t? K\u00f6nnen wir unter eine andere Haut schl\u00fcpfen? L\u00e4sst sich ein K\u00f6rper in einem alchemistischen Prozess soweit verfl\u00fcssigen, dass er sich in seiner ursp\u00fcnglichen Konstitution aufl\u00f6st und zu einem offenen beweglichen Dispositiv f\u00fcr die Sprache und die Beschaffenheit der Tr\u00e4ume und des Unterbewussten wird? <\/span><\/p>\n<p><span style=\"font-family: helvetica, arial, sans-serif;\">Die beiden PerformerInnen erforschen das Potential des K\u00f6rpers, aus sich herauszutreten, sich selbst zu entwischen, sich zu verfl\u00fcssigen, sich selbst zu widersprechen und zu verneinen. Sie erlauben der Autonomie ihrer K\u00f6rper, sich selbst neu zusammenzusetzen und kontinuierlich\u00a0neu zu erfinden.<\/span><\/p>\n<p><span style=\"font-family: helvetica, arial, sans-serif;\">Sie schaffen so K\u00f6rperbilder, die zwischen Androgynit\u00e4t, Kreat\u00fcrlichkeit, Materialit\u00e4t und Sinnlichkeit changieren.<\/span><\/p>\n<\/div>\n<div><span style=\"font-family: helvetica, arial, sans-serif;\">&#8212;&#8212;&#8212;&#8212;&#8212;&#8212;&#8212;&#8212;&#8212;&#8212;&#8212;&#8212;&#8212;&#8212;&#8212;&#8212;&#8212;&#8212;&#8212;&#8212;&#8212;&#8212;&#8211;<\/span><\/div>\n<div dir=\"ltr\">\n<div><span style=\"font-family: helvetica, arial, sans-serif;\">How sure can we be about our bodies? Isn\u2019t our fantasy as real as reality? Can we slip under the skin of another body? Can a body dissolve its original constitution into an alchemistic process to become a fluid vessel for the language and texture of our dreams and sub-consciousness?<\/span><\/div>\n<div><span style=\"font-family: helvetica, arial, sans-serif;\">\u00a0<\/span><\/div>\n<div><span style=\"font-family: helvetica, arial, sans-serif;\">The performers explore the body\u2019s potential to transform, contradict, negate, and dissolve itself. They allow their bodies autonomy to constantly recompose and reinvent itself.<\/span><\/div>\n<div><span style=\"font-family: helvetica, arial, sans-serif;\">\u00a0<\/span><\/div>\n<div><span style=\"font-family: helvetica, arial, sans-serif;\">The emerging images of the body oscillate between androgyny, sensuality, and differing creatures and materialities.<\/span><\/div>\n<div><span style=\"font-family: helvetica, arial, sans-serif;\">\u00a0<\/span><\/div>\n<div><\/div>\n<div>\u00a0<img loading=\"lazy\" decoding=\"async\" id=\"__wp-temp-img-id\" class=\" aligncenter\" title=\"\" src=\"http:\/\/www.verenahehl.de\/blog\/wp-content\/uploads\/2016\/06\/faden3.png\" alt=\"\" width=\"333\" height=\"334\" \/><\/div>\n<div><\/div>\n<div><img loading=\"lazy\" decoding=\"async\" id=\"__wp-temp-img-id\" class=\" aligncenter\" title=\"\" src=\"http:\/\/www.verenahehl.de\/blog\/wp-content\/uploads\/2016\/06\/beginn.png\" alt=\"\" width=\"332\" height=\"311\" \/><\/div>\n<div><\/div>\n<div><img loading=\"lazy\" decoding=\"async\" id=\"__wp-temp-img-id\" class=\" aligncenter\" title=\"\" src=\"http:\/\/www.verenahehl.de\/blog\/wp-content\/uploads\/2016\/06\/fusion_3.png\" alt=\"\" width=\"332\" height=\"470\" \/><\/div>\n<\/div>\n<\/div>\n<\/div>\n<div><\/div>\n<div><\/div>\n","protected":false},"excerpt":{"rendered":"<p>Subcutan &#8211; morphing bodies Performance\/Konzept: Verena Hehl und Danilo Andr\u00e9s \u00a0 \u00a0 \u00a0 \u00a0 \u00a0 \u00a0 \u00a0 \u00a0 \u00a0 \u00a0 \u00a0 \u00a0 \u00a0 \u00a0 \u00a0 \u00a0 \u00a0 \u00a0 \u00a0 \u00a0 \u00a0 \u00a0 \u00a0 \u00a0 \u00a0 \u00a0 \u00a0 \u00a0 \u00a0 \u00a0 \u00a0\u00a0Premiere: April 2016 ,\u00a0Acker Stadt Palast,\u00a0Berlin Wie sicher k\u00f6nnen wir unserer K\u00f6rper sein? Ist die &hellip;<\/p>\n","protected":false},"author":2,"featured_media":0,"parent":33,"menu_order":0,"comment_status":"closed","ping_status":"closed","template":"","meta":{"footnotes":""},"_links":{"self":[{"href":"http:\/\/www.verenahehl.de\/index.php?rest_route=\/wp\/v2\/pages\/454"}],"collection":[{"href":"http:\/\/www.verenahehl.de\/index.php?rest_route=\/wp\/v2\/pages"}],"about":[{"href":"http:\/\/www.verenahehl.de\/index.php?rest_route=\/wp\/v2\/types\/page"}],"author":[{"embeddable":true,"href":"http:\/\/www.verenahehl.de\/index.php?rest_route=\/wp\/v2\/users\/2"}],"replies":[{"embeddable":true,"href":"http:\/\/www.verenahehl.de\/index.php?rest_route=%2Fwp%2Fv2%2Fcomments&post=454"}],"version-history":[{"count":34,"href":"http:\/\/www.verenahehl.de\/index.php?rest_route=\/wp\/v2\/pages\/454\/revisions"}],"predecessor-version":[{"id":532,"href":"http:\/\/www.verenahehl.de\/index.php?rest_route=\/wp\/v2\/pages\/454\/revisions\/532"}],"up":[{"embeddable":true,"href":"http:\/\/www.verenahehl.de\/index.php?rest_route=\/wp\/v2\/pages\/33"}],"wp:attachment":[{"href":"http:\/\/www.verenahehl.de\/index.php?rest_route=%2Fwp%2Fv2%2Fmedia&parent=454"}],"curies":[{"name":"wp","href":"https:\/\/api.w.org\/{rel}","templated":true}]}}

<h4>Subcutan &#8211; morphing bodies</h4>
<h5><strong><span class="">Performance/Konzept: Verena Hehl und Danilo Andrés                                                               </span></strong><span style="font-family: helvetica, arial, sans-serif;"><b>Premiere: April 2016 , </b><span class=""><b>Acker Stadt Palast, Berlin</b></span></span></h5>
<div>
<div dir="ltr">
<div>
<p><img loading="lazy" decoding="async" id="__wp-temp-img-id" class=" alignnone" title="" src="http://www.verenahehl.de/blog/wp-content/uploads/2016/06/rücken2.png" alt="" width="480" height="411" /></p>
<p><span style="font-family: helvetica, arial, sans-serif;">Wie sicher können wir unserer Körper sein? Ist die Fantasie nicht genauso real wie die Realität? Können wir unter eine andere Haut schlüpfen? Lässt sich ein Körper in einem alchemistischen Prozess soweit verflüssigen, dass er sich in seiner urspünglichen Konstitution auflöst und zu einem offenen beweglichen Dispositiv für die Sprache und die Beschaffenheit der Träume und des Unterbewussten wird? </span></p>
<p><span style="font-family: helvetica, arial, sans-serif;">Die beiden PerformerInnen erforschen das Potential des Körpers, aus sich herauszutreten, sich selbst zu entwischen, sich zu verflüssigen, sich selbst zu widersprechen und zu verneinen. Sie erlauben der Autonomie ihrer Körper, sich selbst neu zusammenzusetzen und kontinuierlich neu zu erfinden.</span></p>
<p><span style="font-family: helvetica, arial, sans-serif;">Sie schaffen so Körperbilder, die zwischen Androgynität, Kreatürlichkeit, Materialität und Sinnlichkeit changieren.</span></p>
</div>
<div><span style="font-family: helvetica, arial, sans-serif;">&#8212;&#8212;&#8212;&#8212;&#8212;&#8212;&#8212;&#8212;&#8212;&#8212;&#8212;&#8212;&#8212;&#8212;&#8212;&#8212;&#8212;&#8212;&#8212;&#8212;&#8212;&#8212;&#8211;</span></div>
<div dir="ltr">
<div><span style="font-family: helvetica, arial, sans-serif;">How sure can we be about our bodies? Isn’t our fantasy as real as reality? Can we slip under the skin of another body? Can a body dissolve its original constitution into an alchemistic process to become a fluid vessel for the language and texture of our dreams and sub-consciousness?</span></div>
<div><span style="font-family: helvetica, arial, sans-serif;"> </span></div>
<div><span style="font-family: helvetica, arial, sans-serif;">The performers explore the body’s potential to transform, contradict, negate, and dissolve itself. They allow their bodies autonomy to constantly recompose and reinvent itself.</span></div>
<div><span style="font-family: helvetica, arial, sans-serif;"> </span></div>
<div><span style="font-family: helvetica, arial, sans-serif;">The emerging images of the body oscillate between androgyny, sensuality, and differing creatures and materialities.</span></div>
<div><span style="font-family: helvetica, arial, sans-serif;"> </span></div>
<div></div>
<div> <img loading="lazy" decoding="async" id="__wp-temp-img-id" class=" aligncenter" title="" src="http://www.verenahehl.de/blog/wp-content/uploads/2016/06/faden3.png" alt="" width="333" height="334" /></div>
<div></div>
<div><img loading="lazy" decoding="async" id="__wp-temp-img-id" class=" aligncenter" title="" src="http://www.verenahehl.de/blog/wp-content/uploads/2016/06/beginn.png" alt="" width="332" height="311" /></div>
<div></div>
<div><img loading="lazy" decoding="async" id="__wp-temp-img-id" class=" aligncenter" title="" src="http://www.verenahehl.de/blog/wp-content/uploads/2016/06/fusion_3.png" alt="" width="332" height="470" /></div>
</div>
</div>
</div>
<div></div>
<div></div>

<p>Subcutan &#8211; morphing bodies Performance/Konzept: Verena Hehl und Danilo Andrés                                                               Premiere: April 2016 , Acker Stadt Palast, Berlin Wie sicher können wir unserer Körper sein? Ist die &hellip;</p>
