{"id":68,"date":"2014-12-05T13:05:56","date_gmt":"2014-12-05T11:05:56","guid":{"rendered":"http:\/\/www.tul8.de\/verena-hehl\/?page_id=68"},"modified":"2015-06-25T11:41:07","modified_gmt":"2015-06-25T09:41:07","slug":"68-2","status":"publish","type":"page","link":"http:\/\/www.verenahehl.de\/?page_id=68","title":{"rendered":"win win lose lose"},"content":{"rendered":"<p><i>sensory groundworks<\/i><\/p>\n<p><img loading=\"lazy\" decoding=\"async\" class=\"alignnone wp-image-66\" src=\"http:\/\/www.verenahehl.de\/blog\/wp-content\/uploads\/2014\/12\/IMG_2989K-e1418212133658.jpg\" alt=\"IMG_2989K\" width=\"296\" height=\"200\" \/><\/p>\n<p>Tanz\/Choreografie: Verena Hehl, Jenny D\u00f6ll<br \/>\nDramaturgie\/Coach: Lotte Mueller<br \/>\nM\u00e4rz\/Mai 2012, E-Werk Kammertheater Freiburg<\/p>\n<p>&nbsp;<\/p>\n<p>Die sozialen Scherenbewegungen, das Auseinanderdriften in arm\/reich, viel\/wenig, alles oder nichts war schon lange nicht mehr so offensichtlich wie heute. Die beiden T\u00e4nzerinnen gehen der &#8222;Notwendigkeit gesellschaftlicher Eliten&#8220;, dem &#8222;Prinzip der Leistung&#8220;, sowie dem Ph\u00e4nomen &#8222;arm trotz reich&#8220; auf die Spur.<\/p>\n<p>Die K\u00f6rper erz\u00e4hlen vom Gefangensein in Rollen und Konventionen, vom gegenseitigen Benutzen und Manipulieren, vom t\u00e4glichen Kampf ums \u00dcberleben. Hinter all der Gesch\u00e4ftigkeit lauert die leise Sehnsucht nach Begegnung. Wir suchen N\u00e4he und fl\u00fcchten doch vor ihr, denn wo sie entsteht, werden wir verletzlich.<\/p>\n<p>Wer sind wir, wenn wir nicht Gewinner oder Verlierer sind?<\/p>\n<p>&nbsp;<\/p>\n<p><a href=\"http:\/\/www.verenahehl.de\/blog\/wp-content\/uploads\/2014\/12\/IMG_2696-e1419280824393.jpg\"><img loading=\"lazy\" decoding=\"async\" class=\"alignnone size-medium wp-image-233\" src=\"http:\/\/www.verenahehl.de\/blog\/wp-content\/uploads\/2014\/12\/IMG_2696-300x200.jpg\" alt=\"IMG_2696\" width=\"300\" height=\"200\" \/><\/a><a href=\"http:\/\/www.verenahehl.de\/blog\/wp-content\/uploads\/2014\/12\/IMG_2478_kl-e1419280931238.jpg\"><img loading=\"lazy\" decoding=\"async\" class=\"alignnone size-medium wp-image-232\" src=\"http:\/\/www.verenahehl.de\/blog\/wp-content\/uploads\/2014\/12\/IMG_2478_kl-300x200.jpg\" alt=\"IMG_2478_kl\" width=\"300\" height=\"200\" \/><\/a><a href=\"http:\/\/www.verenahehl.de\/blog\/wp-content\/uploads\/2014\/12\/IMG_3315-e1419280845772.jpg\"><img loading=\"lazy\" decoding=\"async\" class=\"alignnone size-medium wp-image-240\" src=\"http:\/\/www.verenahehl.de\/blog\/wp-content\/uploads\/2014\/12\/IMG_3315-300x200.jpg\" alt=\"IMG_3315\" width=\"300\" height=\"200\" \/><\/a><a href=\"http:\/\/www.verenahehl.de\/blog\/wp-content\/uploads\/2014\/12\/IMG_3300-e1419280946228.jpg\"><img loading=\"lazy\" decoding=\"async\" class=\"alignnone size-medium wp-image-239\" src=\"http:\/\/www.verenahehl.de\/blog\/wp-content\/uploads\/2014\/12\/IMG_3300-300x200.jpg\" alt=\"s\" width=\"300\" height=\"200\" \/><\/a><a href=\"http:\/\/www.verenahehl.de\/blog\/wp-content\/uploads\/2014\/12\/IMG_3122-e1419281170615.jpg\"><img loading=\"lazy\" decoding=\"async\" class=\"alignnone size-medium wp-image-244\" src=\"http:\/\/www.verenahehl.de\/blog\/wp-content\/uploads\/2014\/12\/IMG_3122-300x200.jpg\" alt=\"IMG_3122\" width=\"300\" height=\"200\" \/><\/a><a href=\"http:\/\/www.verenahehl.de\/blog\/wp-content\/uploads\/2014\/12\/IMG_3059-e1419281120962.jpg\"><img loading=\"lazy\" decoding=\"async\" class=\"alignnone size-medium wp-image-288\" src=\"http:\/\/www.verenahehl.de\/blog\/wp-content\/uploads\/2014\/12\/IMG_3059-300x200.jpg\" alt=\"IMG_3059\" width=\"300\" height=\"200\" \/><\/a><a href=\"http:\/\/www.verenahehl.de\/blog\/wp-content\/uploads\/2014\/12\/IMG_3260-e1419281143719.jpg\"><img loading=\"lazy\" decoding=\"async\" class=\"alignnone size-medium wp-image-242\" src=\"http:\/\/www.verenahehl.de\/blog\/wp-content\/uploads\/2014\/12\/IMG_3260-200x300.jpg\" alt=\"IMG_3260\" width=\"200\" height=\"300\" \/><\/a><a href=\"http:\/\/www.verenahehl.de\/blog\/wp-content\/uploads\/2014\/12\/IMG_3156-e1419281418478.jpg\"><img loading=\"lazy\" decoding=\"async\" class=\"alignnone size-medium wp-image-243\" src=\"http:\/\/www.verenahehl.de\/blog\/wp-content\/uploads\/2014\/12\/IMG_3156-200x300.jpg\" alt=\"IMG_3156\" width=\"200\" height=\"300\" \/><\/a><a href=\"http:\/\/www.verenahehl.de\/blog\/wp-content\/uploads\/2014\/12\/IMG_2989-e1419281155712.jpg\"><img loading=\"lazy\" decoding=\"async\" class=\"alignnone size-medium wp-image-234\" src=\"http:\/\/www.verenahehl.de\/blog\/wp-content\/uploads\/2014\/12\/IMG_2989-300x200.jpg\" alt=\"IMG_2989\" width=\"300\" height=\"200\" \/><\/a><\/p>\n<p><iframe loading=\"lazy\" src=\"\/\/www.youtube.com\/embed\/ZKj9YpJM1Uw\" width=\"425\" height=\"350\"><\/iframe><\/p>\n","protected":false},"excerpt":{"rendered":"<p>sensory groundworks Tanz\/Choreografie: Verena Hehl, Jenny D\u00f6ll Dramaturgie\/Coach: Lotte Mueller M\u00e4rz\/Mai 2012, E-Werk Kammertheater Freiburg &nbsp; Die sozialen Scherenbewegungen, das Auseinanderdriften in arm\/reich, viel\/wenig, alles oder nichts war schon lange nicht mehr so offensichtlich wie heute. Die beiden T\u00e4nzerinnen gehen der &#8222;Notwendigkeit gesellschaftlicher Eliten&#8220;, dem &#8222;Prinzip der Leistung&#8220;, sowie dem Ph\u00e4nomen &#8222;arm trotz reich&#8220; auf &hellip;<\/p>\n","protected":false},"author":2,"featured_media":0,"parent":33,"menu_order":0,"comment_status":"closed","ping_status":"open","template":"","meta":{"footnotes":""},"_links":{"self":[{"href":"http:\/\/www.verenahehl.de\/index.php?rest_route=\/wp\/v2\/pages\/68"}],"collection":[{"href":"http:\/\/www.verenahehl.de\/index.php?rest_route=\/wp\/v2\/pages"}],"about":[{"href":"http:\/\/www.verenahehl.de\/index.php?rest_route=\/wp\/v2\/types\/page"}],"author":[{"embeddable":true,"href":"http:\/\/www.verenahehl.de\/index.php?rest_route=\/wp\/v2\/users\/2"}],"replies":[{"embeddable":true,"href":"http:\/\/www.verenahehl.de\/index.php?rest_route=%2Fwp%2Fv2%2Fcomments&post=68"}],"version-history":[{"count":34,"href":"http:\/\/www.verenahehl.de\/index.php?rest_route=\/wp\/v2\/pages\/68\/revisions"}],"predecessor-version":[{"id":399,"href":"http:\/\/www.verenahehl.de\/index.php?rest_route=\/wp\/v2\/pages\/68\/revisions\/399"}],"up":[{"embeddable":true,"href":"http:\/\/www.verenahehl.de\/index.php?rest_route=\/wp\/v2\/pages\/33"}],"wp:attachment":[{"href":"http:\/\/www.verenahehl.de\/index.php?rest_route=%2Fwp%2Fv2%2Fmedia&parent=68"}],"curies":[{"name":"wp","href":"https:\/\/api.w.org\/{rel}","templated":true}]}}

<p><i>sensory groundworks</i></p>
<p><img loading="lazy" decoding="async" class="alignnone wp-image-66" src="http://www.verenahehl.de/blog/wp-content/uploads/2014/12/IMG_2989K-e1418212133658.jpg" alt="IMG_2989K" width="296" height="200" /></p>
<p>Tanz/Choreografie: Verena Hehl, Jenny Döll<br />
Dramaturgie/Coach: Lotte Mueller<br />
März/Mai 2012, E-Werk Kammertheater Freiburg</p>
<p>&nbsp;</p>
<p>Die sozialen Scherenbewegungen, das Auseinanderdriften in arm/reich, viel/wenig, alles oder nichts war schon lange nicht mehr so offensichtlich wie heute. Die beiden Tänzerinnen gehen der &#8222;Notwendigkeit gesellschaftlicher Eliten&#8220;, dem &#8222;Prinzip der Leistung&#8220;, sowie dem Phänomen &#8222;arm trotz reich&#8220; auf die Spur.</p>
<p>Die Körper erzählen vom Gefangensein in Rollen und Konventionen, vom gegenseitigen Benutzen und Manipulieren, vom täglichen Kampf ums Überleben. Hinter all der Geschäftigkeit lauert die leise Sehnsucht nach Begegnung. Wir suchen Nähe und flüchten doch vor ihr, denn wo sie entsteht, werden wir verletzlich.</p>
<p>Wer sind wir, wenn wir nicht Gewinner oder Verlierer sind?</p>
<p>&nbsp;</p>
<p><a href="http://www.verenahehl.de/blog/wp-content/uploads/2014/12/IMG_2696-e1419280824393.jpg"><img loading="lazy" decoding="async" class="alignnone size-medium wp-image-233" src="http://www.verenahehl.de/blog/wp-content/uploads/2014/12/IMG_2696-300x200.jpg" alt="IMG_2696" width="300" height="200" /></a><a href="http://www.verenahehl.de/blog/wp-content/uploads/2014/12/IMG_2478_kl-e1419280931238.jpg"><img loading="lazy" decoding="async" class="alignnone size-medium wp-image-232" src="http://www.verenahehl.de/blog/wp-content/uploads/2014/12/IMG_2478_kl-300x200.jpg" alt="IMG_2478_kl" width="300" height="200" /></a><a href="http://www.verenahehl.de/blog/wp-content/uploads/2014/12/IMG_3315-e1419280845772.jpg"><img loading="lazy" decoding="async" class="alignnone size-medium wp-image-240" src="http://www.verenahehl.de/blog/wp-content/uploads/2014/12/IMG_3315-300x200.jpg" alt="IMG_3315" width="300" height="200" /></a><a href="http://www.verenahehl.de/blog/wp-content/uploads/2014/12/IMG_3300-e1419280946228.jpg"><img loading="lazy" decoding="async" class="alignnone size-medium wp-image-239" src="http://www.verenahehl.de/blog/wp-content/uploads/2014/12/IMG_3300-300x200.jpg" alt="s" width="300" height="200" /></a><a href="http://www.verenahehl.de/blog/wp-content/uploads/2014/12/IMG_3122-e1419281170615.jpg"><img loading="lazy" decoding="async" class="alignnone size-medium wp-image-244" src="http://www.verenahehl.de/blog/wp-content/uploads/2014/12/IMG_3122-300x200.jpg" alt="IMG_3122" width="300" height="200" /></a><a href="http://www.verenahehl.de/blog/wp-content/uploads/2014/12/IMG_3059-e1419281120962.jpg"><img loading="lazy" decoding="async" class="alignnone size-medium wp-image-288" src="http://www.verenahehl.de/blog/wp-content/uploads/2014/12/IMG_3059-300x200.jpg" alt="IMG_3059" width="300" height="200" /></a><a href="http://www.verenahehl.de/blog/wp-content/uploads/2014/12/IMG_3260-e1419281143719.jpg"><img loading="lazy" decoding="async" class="alignnone size-medium wp-image-242" src="http://www.verenahehl.de/blog/wp-content/uploads/2014/12/IMG_3260-200x300.jpg" alt="IMG_3260" width="200" height="300" /></a><a href="http://www.verenahehl.de/blog/wp-content/uploads/2014/12/IMG_3156-e1419281418478.jpg"><img loading="lazy" decoding="async" class="alignnone size-medium wp-image-243" src="http://www.verenahehl.de/blog/wp-content/uploads/2014/12/IMG_3156-200x300.jpg" alt="IMG_3156" width="200" height="300" /></a><a href="http://www.verenahehl.de/blog/wp-content/uploads/2014/12/IMG_2989-e1419281155712.jpg"><img loading="lazy" decoding="async" class="alignnone size-medium wp-image-234" src="http://www.verenahehl.de/blog/wp-content/uploads/2014/12/IMG_2989-300x200.jpg" alt="IMG_2989" width="300" height="200" /></a></p>
<p><iframe loading="lazy" src="//www.youtube.com/embed/ZKj9YpJM1Uw" width="425" height="350"></iframe></p>

<p>sensory groundworks Tanz/Choreografie: Verena Hehl, Jenny Döll Dramaturgie/Coach: Lotte Mueller März/Mai 2012, E-Werk Kammertheater Freiburg &nbsp; Die sozialen Scherenbewegungen, das Auseinanderdriften in arm/reich, viel/wenig, alles oder nichts war schon lange nicht mehr so offensichtlich wie heute. Die beiden Tänzerinnen gehen der &#8222;Notwendigkeit gesellschaftlicher Eliten&#8220;, dem &#8222;Prinzip der Leistung&#8220;, sowie dem Phänomen &#8222;arm trotz reich&#8220; auf &hellip;</p>
